{"id":729,"date":"2020-01-15T14:35:47","date_gmt":"2020-01-15T13:35:47","guid":{"rendered":"https:\/\/admir-cafes.ch\/index.php\/produit\/melange-eros-250g-moulu\/"},"modified":"2025-03-10T10:28:28","modified_gmt":"2025-03-10T09:28:28","slug":"melange-eros-250g-moulu","status":"publish","type":"product","link":"https:\/\/admir-cafes.ch\/index.php\/produit\/melange-eros-250g-moulu\/","title":{"rendered":"Eros 250g moulu"},"content":{"rendered":"","protected":false},"excerpt":{"rendered":"<p><strong>100% arabica<\/strong><\/p>\n<p>Une s\u00e9lection des grains les plus savoureux pour vous proposer cette recette originale, avec sa d\u00e9licate intensit\u00e9 qui se veut longue en bouche. \u00a0Le parfait \u00e9quilibre entre la force des hautes montagnes d\u2019Am\u00e9rique du Sud et ses savoureuses notes d\u2019amandes et de noisettes, provenant des hautes plaines d\u2019Afrique de l\u2019Ouest. Voyagez en toute intensit\u00e9 avec ce caf\u00e9 signature.<\/p>\n","protected":false},"featured_media":225314,"comment_status":"open","ping_status":"closed","template":"","meta":{"_et_pb_use_builder":"","_et_pb_old_content":"","_et_gb_content_width":""},"product_brand":[],"product_cat":[22],"product_tag":[],"class_list":{"0":"post-729","1":"product","2":"type-product","3":"status-publish","4":"has-post-thumbnail","6":"product_cat-cafe-moulu","8":"first","9":"instock","10":"taxable","11":"shipping-taxable","12":"purchasable","13":"product-type-variable","14":"has-default-attributes"},"_links":{"self":[{"href":"https:\/\/admir-cafes.ch\/index.php\/wp-json\/wp\/v2\/product\/729"}],"collection":[{"href":"https:\/\/admir-cafes.ch\/index.php\/wp-json\/wp\/v2\/product"}],"about":[{"href":"https:\/\/admir-cafes.ch\/index.php\/wp-json\/wp\/v2\/types\/product"}],"replies":[{"embeddable":true,"href":"https:\/\/admir-cafes.ch\/index.php\/wp-json\/wp\/v2\/comments?post=729"}],"wp:featuredmedia":[{"embeddable":true,"href":"https:\/\/admir-cafes.ch\/index.php\/wp-json\/wp\/v2\/media\/225314"}],"wp:attachment":[{"href":"https:\/\/admir-cafes.ch\/index.php\/wp-json\/wp\/v2\/media?parent=729"}],"wp:term":[{"taxonomy":"product_brand","embeddable":true,"href":"https:\/\/admir-cafes.ch\/index.php\/wp-json\/wp\/v2\/product_brand?post=729"},{"taxonomy":"product_cat","embeddable":true,"href":"https:\/\/admir-cafes.ch\/index.php\/wp-json\/wp\/v2\/product_cat?post=729"},{"taxonomy":"product_tag","embeddable":true,"href":"https:\/\/admir-cafes.ch\/index.php\/wp-json\/wp\/v2\/product_tag?post=729"}],"curies":[{"name":"wp","href":"https:\/\/api.w.org\/{rel}","templated":true}]}}

<p><strong>100% arabica</strong></p>
<p>Une sélection des grains les plus savoureux pour vous proposer cette recette originale, avec sa délicate intensité qui se veut longue en bouche.  Le parfait équilibre entre la force des hautes montagnes d’Amérique du Sud et ses savoureuses notes d’amandes et de noisettes, provenant des hautes plaines d’Afrique de l’Ouest. Voyagez en toute intensité avec ce café signature.</p>
