{"id":225132,"date":"2022-07-26T10:54:43","date_gmt":"2022-07-26T09:54:43","guid":{"rendered":"https:\/\/admir-cafes.ch\/?post_type=product&#038;p=225132"},"modified":"2025-03-10T10:20:22","modified_gmt":"2025-03-10T09:20:22","slug":"abruzzo-250g-moulu","status":"publish","type":"product","link":"https:\/\/admir-cafes.ch\/index.php\/produit\/abruzzo-250g-moulu\/","title":{"rendered":"Abruzzo 250g moulu"},"content":{"rendered":"","protected":false},"excerpt":{"rendered":"<div class=\"et_pb_module et_pb_wc_description et_pb_wc_description_0_tb_body et_pb_bg_layout_light  et_pb_text_align_left\">\n<div class=\"et_pb_module_inner\">\n<p><strong>30% Arabica \u2013 70% Robusta<\/strong><\/p>\n<p>250g moulu<\/p>\n<p>Cette cr\u00e9ation suit la recette d\u2019un m\u00e9lange typique de la r\u00e9gion des Abruzzes en Italie centrale. Tout l\u2019\u00e9quilibre entre la force du robusta et la douceur de l\u2019arabica. Ce caf\u00e9 signature est extraordinaire par son ar\u00f4me puissant et son incroyable rondeur en bouche. D\u00e9couvrez cette recette originale n\u00e9e en 2020.<\/p>\n<\/div>\n<\/div>\n<div class=\"et_pb_module et_pb_wc_add_to_cart et_pb_wc_add_to_cart_0_tb_body et_pb_fields_label_position_default et_pb_bg_layout_  et_pb_text_align_left\">\n<div class=\"et_pb_module_inner\">\n<form class=\"cart\" action=\"https:\/\/admir-cafes.ch\/index.php\/produit\/abruzzo\/\" enctype=\"multipart\/form-data\" method=\"post\">\n<div class=\"quantity\"><label class=\"screen-reader-text\" for=\"quantity_62dfb950b7700\">quantit\u00e9 de Abruzzo<\/label><input id=\"quantity_62dfb950b7700\" class=\"input-text qty text\" title=\"Qt\u00e9\" autocomplete=\"off\" max=\"\" min=\"1\" name=\"quantity\" size=\"4\" step=\"1\" type=\"number\" value=\"1\" placeholder=\"\" \/><\/div>\n<p><button class=\"single_add_to_cart_button button alt\" name=\"add-to-cart\" type=\"submit\" value=\"225094\">Je commande<\/button><\/form>\n<\/div>\n<\/div>\n","protected":false},"featured_media":225318,"comment_status":"open","ping_status":"closed","template":"","meta":{"_et_pb_use_builder":"","_et_pb_old_content":"","_et_gb_content_width":""},"product_brand":[],"product_cat":[22],"product_tag":[],"class_list":{"0":"post-225132","1":"product","2":"type-product","3":"status-publish","4":"has-post-thumbnail","6":"product_cat-cafe-moulu","8":"first","9":"instock","10":"taxable","11":"shipping-taxable","12":"purchasable","13":"product-type-simple"},"_links":{"self":[{"href":"https:\/\/admir-cafes.ch\/index.php\/wp-json\/wp\/v2\/product\/225132"}],"collection":[{"href":"https:\/\/admir-cafes.ch\/index.php\/wp-json\/wp\/v2\/product"}],"about":[{"href":"https:\/\/admir-cafes.ch\/index.php\/wp-json\/wp\/v2\/types\/product"}],"replies":[{"embeddable":true,"href":"https:\/\/admir-cafes.ch\/index.php\/wp-json\/wp\/v2\/comments?post=225132"}],"wp:featuredmedia":[{"embeddable":true,"href":"https:\/\/admir-cafes.ch\/index.php\/wp-json\/wp\/v2\/media\/225318"}],"wp:attachment":[{"href":"https:\/\/admir-cafes.ch\/index.php\/wp-json\/wp\/v2\/media?parent=225132"}],"wp:term":[{"taxonomy":"product_brand","embeddable":true,"href":"https:\/\/admir-cafes.ch\/index.php\/wp-json\/wp\/v2\/product_brand?post=225132"},{"taxonomy":"product_cat","embeddable":true,"href":"https:\/\/admir-cafes.ch\/index.php\/wp-json\/wp\/v2\/product_cat?post=225132"},{"taxonomy":"product_tag","embeddable":true,"href":"https:\/\/admir-cafes.ch\/index.php\/wp-json\/wp\/v2\/product_tag?post=225132"}],"curies":[{"name":"wp","href":"https:\/\/api.w.org\/{rel}","templated":true}]}}

<div class="et_pb_module et_pb_wc_description et_pb_wc_description_0_tb_body et_pb_bg_layout_light  et_pb_text_align_left">
<div class="et_pb_module_inner">
<p><strong>30% Arabica – 70% Robusta</strong></p>
<p>250g moulu</p>
<p>Cette création suit la recette d’un mélange typique de la région des Abruzzes en Italie centrale. Tout l’équilibre entre la force du robusta et la douceur de l’arabica. Ce café signature est extraordinaire par son arôme puissant et son incroyable rondeur en bouche. Découvrez cette recette originale née en 2020.</p>
</div>
</div>
<div class="et_pb_module et_pb_wc_add_to_cart et_pb_wc_add_to_cart_0_tb_body et_pb_fields_label_position_default et_pb_bg_layout_  et_pb_text_align_left">
<div class="et_pb_module_inner">
<form class="cart" action="https://admir-cafes.ch/index.php/produit/abruzzo/" enctype="multipart/form-data" method="post">
<div class="quantity"><label class="screen-reader-text" for="quantity_62dfb950b7700">quantité de Abruzzo</label><input id="quantity_62dfb950b7700" class="input-text qty text" title="Qté" autocomplete="off" max="" min="1" name="quantity" size="4" step="1" type="number" value="1" placeholder="" /></div>
<p><button class="single_add_to_cart_button button alt" name="add-to-cart" type="submit" value="225094">Je commande</button></form>
</div>
</div>
