{"id":223655,"date":"2021-07-05T14:26:30","date_gmt":"2021-07-05T13:26:30","guid":{"rendered":"https:\/\/admir-cafes.ch\/?post_type=product&#038;p=223655"},"modified":"2025-03-10T10:21:39","modified_gmt":"2025-03-10T09:21:39","slug":"melange-pacha-moulu-2","status":"publish","type":"product","link":"https:\/\/admir-cafes.ch\/index.php\/produit\/melange-pacha-moulu-2\/","title":{"rendered":"Pacha 250g moulu"},"content":{"rendered":"","protected":false},"excerpt":{"rendered":"<p><strong>100% arabica<\/strong><\/p>\n<p>Cette cr\u00e9ation est le point de rencontre entre 3 continents\u00a0! Un choc des cultures et des saveurs tout en rondeur, apr\u00e8s une s\u00e9lection soign\u00e9e des meilleurs grains issus de 6 pays autour du monde. La Force des hauts plateaux de l\u2019Afrique de l\u2019Ouest se marie avec la sensualit\u00e9 des terres d\u2019Am\u00e9rique Centrale, pour un voyage aux pays des saveurs. Un \u00e9quilibre original cr\u00e9\u00e9 en 2005.<\/p>\n","protected":false},"featured_media":225308,"comment_status":"open","ping_status":"closed","template":"","meta":{"_et_pb_use_builder":"off","_et_pb_old_content":"La force tranquille d\u2019un pur Arabica, plaisant et rassurant.","_et_gb_content_width":""},"product_brand":[],"product_cat":[22],"product_tag":[],"class_list":{"0":"post-223655","1":"product","2":"type-product","3":"status-publish","4":"has-post-thumbnail","6":"product_cat-cafe-moulu","8":"first","9":"instock","10":"taxable","11":"shipping-taxable","12":"purchasable","13":"product-type-variable","14":"has-default-attributes"},"_links":{"self":[{"href":"https:\/\/admir-cafes.ch\/index.php\/wp-json\/wp\/v2\/product\/223655"}],"collection":[{"href":"https:\/\/admir-cafes.ch\/index.php\/wp-json\/wp\/v2\/product"}],"about":[{"href":"https:\/\/admir-cafes.ch\/index.php\/wp-json\/wp\/v2\/types\/product"}],"replies":[{"embeddable":true,"href":"https:\/\/admir-cafes.ch\/index.php\/wp-json\/wp\/v2\/comments?post=223655"}],"wp:featuredmedia":[{"embeddable":true,"href":"https:\/\/admir-cafes.ch\/index.php\/wp-json\/wp\/v2\/media\/225308"}],"wp:attachment":[{"href":"https:\/\/admir-cafes.ch\/index.php\/wp-json\/wp\/v2\/media?parent=223655"}],"wp:term":[{"taxonomy":"product_brand","embeddable":true,"href":"https:\/\/admir-cafes.ch\/index.php\/wp-json\/wp\/v2\/product_brand?post=223655"},{"taxonomy":"product_cat","embeddable":true,"href":"https:\/\/admir-cafes.ch\/index.php\/wp-json\/wp\/v2\/product_cat?post=223655"},{"taxonomy":"product_tag","embeddable":true,"href":"https:\/\/admir-cafes.ch\/index.php\/wp-json\/wp\/v2\/product_tag?post=223655"}],"curies":[{"name":"wp","href":"https:\/\/api.w.org\/{rel}","templated":true}]}}

<p><strong>100% arabica</strong></p>
<p>Cette création est le point de rencontre entre 3 continents ! Un choc des cultures et des saveurs tout en rondeur, après une sélection soignée des meilleurs grains issus de 6 pays autour du monde. La Force des hauts plateaux de l’Afrique de l’Ouest se marie avec la sensualité des terres d’Amérique Centrale, pour un voyage aux pays des saveurs. Un équilibre original créé en 2005.</p>
