{"id":223274,"date":"2021-03-25T15:19:43","date_gmt":"2021-03-25T14:19:43","guid":{"rendered":"https:\/\/admir-cafes.ch\/?post_type=product&#038;p=223274"},"modified":"2024-12-21T10:56:38","modified_gmt":"2024-12-21T09:56:38","slug":"brazil-capsules","status":"publish","type":"product","link":"https:\/\/admir-cafes.ch\/index.php\/produit\/brazil-capsules\/","title":{"rendered":"Brazil"},"content":{"rendered":"","protected":false},"excerpt":{"rendered":"<p><em>Capsules en aluminium Compatibles Nespresso\u00ae<\/em><\/p>\n<p><strong>100% arabica<\/strong><\/p>\n<p>Vibrez au rythme de la salsa br\u00e9silienne et laissez-vous emporter par la fi\u00e8vre du carnaval de Rio. Un caf\u00e9 qui r\u00e9v\u00e8lera ses notes d\u2019amande douce et de nougat, gr\u00e2ce \u00e0 sa torr\u00e9faction soign\u00e9e. Go\u00fbtez \u00e0 toute l\u2019onctuosit\u00e9 du Br\u00e9sil, au naturel. Ce caf\u00e9 pure origine vous s\u00e9duira par son go\u00fbt original et cors\u00e9.<\/p>\n","protected":false},"featured_media":225505,"comment_status":"open","ping_status":"closed","template":"","meta":{"_et_pb_use_builder":"","_et_pb_old_content":"","_et_gb_content_width":""},"product_brand":[],"product_cat":[29],"product_tag":[],"class_list":{"0":"post-223274","1":"product","2":"type-product","3":"status-publish","4":"has-post-thumbnail","6":"product_cat-capsules-compatibles-nespresso","8":"first","9":"outofstock","10":"taxable","11":"shipping-taxable","12":"purchasable","13":"product-type-simple"},"_links":{"self":[{"href":"https:\/\/admir-cafes.ch\/index.php\/wp-json\/wp\/v2\/product\/223274"}],"collection":[{"href":"https:\/\/admir-cafes.ch\/index.php\/wp-json\/wp\/v2\/product"}],"about":[{"href":"https:\/\/admir-cafes.ch\/index.php\/wp-json\/wp\/v2\/types\/product"}],"replies":[{"embeddable":true,"href":"https:\/\/admir-cafes.ch\/index.php\/wp-json\/wp\/v2\/comments?post=223274"}],"wp:featuredmedia":[{"embeddable":true,"href":"https:\/\/admir-cafes.ch\/index.php\/wp-json\/wp\/v2\/media\/225505"}],"wp:attachment":[{"href":"https:\/\/admir-cafes.ch\/index.php\/wp-json\/wp\/v2\/media?parent=223274"}],"wp:term":[{"taxonomy":"product_brand","embeddable":true,"href":"https:\/\/admir-cafes.ch\/index.php\/wp-json\/wp\/v2\/product_brand?post=223274"},{"taxonomy":"product_cat","embeddable":true,"href":"https:\/\/admir-cafes.ch\/index.php\/wp-json\/wp\/v2\/product_cat?post=223274"},{"taxonomy":"product_tag","embeddable":true,"href":"https:\/\/admir-cafes.ch\/index.php\/wp-json\/wp\/v2\/product_tag?post=223274"}],"curies":[{"name":"wp","href":"https:\/\/api.w.org\/{rel}","templated":true}]}}

<p><em>Capsules en aluminium Compatibles Nespresso®</em></p>
<p><strong>100% arabica</strong></p>
<p>Vibrez au rythme de la salsa brésilienne et laissez-vous emporter par la fièvre du carnaval de Rio. Un café qui révèlera ses notes d’amande douce et de nougat, grâce à sa torréfaction soignée. Goûtez à toute l’onctuosité du Brésil, au naturel. Ce café pure origine vous séduira par son goût original et corsé.</p>
