{"id":223131,"date":"2021-03-03T06:32:07","date_gmt":"2021-03-03T05:32:07","guid":{"rendered":"https:\/\/admir-cafes.ch\/?post_type=product&#038;p=223131"},"modified":"2024-07-06T07:41:19","modified_gmt":"2024-07-06T06:41:19","slug":"20-portions-n9","status":"publish","type":"product","link":"https:\/\/admir-cafes.ch\/index.php\/produit\/20-portions-n9\/","title":{"rendered":"N\u00b09 20 portions en vrac"},"content":{"rendered":"","protected":false},"excerpt":{"rendered":"<p><em>20 Portions 44mm en vrac sans alu<\/em><\/p>\n<p><strong>75% arabica &#8211; 25% robusta<\/strong><\/p>\n<p>La rencontre de 3 continents\u00a0: l\u2019Asie, l\u2019Afrique et l\u2019Am\u00e9rique pour la cr\u00e9ation d\u2019un caf\u00e9 original et unique, aux ar\u00f4mes intenses. Chaque tasse est une invitation \u00e0 voyager \u00e0 travers le monde. Cette recette a \u00e9t\u00e9 cr\u00e9e avec soin en 2010, pour vous proposer le meilleur caf\u00e9 de chacun de ces continents. Des saveurs d\u2019amandes, de noisettes et de noix se d\u00e9gagent gr\u00e2ce \u00e0 une torr\u00e9faction artisanale.<\/p>\n","protected":false},"featured_media":225296,"comment_status":"open","ping_status":"closed","template":"","meta":{"_et_pb_use_builder":"","_et_pb_old_content":"","_et_gb_content_width":""},"product_brand":[],"product_cat":[19],"product_tag":[],"class_list":{"0":"post-223131","1":"product","2":"type-product","3":"status-publish","4":"has-post-thumbnail","6":"product_cat-cafe-en-portions-44mm","8":"first","9":"instock","10":"taxable","11":"shipping-taxable","12":"purchasable","13":"product-type-simple"},"_links":{"self":[{"href":"https:\/\/admir-cafes.ch\/index.php\/wp-json\/wp\/v2\/product\/223131"}],"collection":[{"href":"https:\/\/admir-cafes.ch\/index.php\/wp-json\/wp\/v2\/product"}],"about":[{"href":"https:\/\/admir-cafes.ch\/index.php\/wp-json\/wp\/v2\/types\/product"}],"replies":[{"embeddable":true,"href":"https:\/\/admir-cafes.ch\/index.php\/wp-json\/wp\/v2\/comments?post=223131"}],"wp:featuredmedia":[{"embeddable":true,"href":"https:\/\/admir-cafes.ch\/index.php\/wp-json\/wp\/v2\/media\/225296"}],"wp:attachment":[{"href":"https:\/\/admir-cafes.ch\/index.php\/wp-json\/wp\/v2\/media?parent=223131"}],"wp:term":[{"taxonomy":"product_brand","embeddable":true,"href":"https:\/\/admir-cafes.ch\/index.php\/wp-json\/wp\/v2\/product_brand?post=223131"},{"taxonomy":"product_cat","embeddable":true,"href":"https:\/\/admir-cafes.ch\/index.php\/wp-json\/wp\/v2\/product_cat?post=223131"},{"taxonomy":"product_tag","embeddable":true,"href":"https:\/\/admir-cafes.ch\/index.php\/wp-json\/wp\/v2\/product_tag?post=223131"}],"curies":[{"name":"wp","href":"https:\/\/api.w.org\/{rel}","templated":true}]}}

<p><em>20 Portions 44mm en vrac sans alu</em></p>
<p><strong>75% arabica &#8211; 25% robusta</strong></p>
<p>La rencontre de 3 continents : l’Asie, l’Afrique et l’Amérique pour la création d’un café original et unique, aux arômes intenses. Chaque tasse est une invitation à voyager à travers le monde. Cette recette a été crée avec soin en 2010, pour vous proposer le meilleur café de chacun de ces continents. Des saveurs d’amandes, de noisettes et de noix se dégagent grâce à une torréfaction artisanale.</p>
