{"id":222904,"date":"2020-12-16T17:00:37","date_gmt":"2020-12-16T16:00:37","guid":{"rendered":"https:\/\/admir-cafes.ch\/?post_type=product&#038;p=222904"},"modified":"2024-11-02T09:14:56","modified_gmt":"2024-11-02T08:14:56","slug":"nepal-250g-grains","status":"publish","type":"product","link":"https:\/\/admir-cafes.ch\/index.php\/produit\/nepal-250g-grains\/","title":{"rendered":"Nepal Bio"},"content":{"rendered":"","protected":false},"excerpt":{"rendered":"<p>250g en grains<\/p>\n<p><strong>Caf\u00e9 de Terroir, 100% arabica<\/strong><\/p>\n<p>Vivez une ascension unique sur le toit du monde\u00a0en d\u00e9gustant un caf\u00e9 d\u2019exception. Le caf\u00e9 N\u00e9pal saura vous envo\u00fbter par ses ar\u00f4mes puissants issus des montagnes de l\u2019Everest. Sa douce longueur en bouche vous \u00e9merveillera et r\u00e9v\u00e8lera des notes de fruits exotiques et de pantone. Son grain si particulier vous laissera une agr\u00e9able sensation de bien-\u00eatre.<\/p>\n","protected":false},"featured_media":225261,"comment_status":"open","ping_status":"closed","template":"","meta":{"_et_pb_use_builder":"","_et_pb_old_content":"","_et_gb_content_width":""},"product_brand":[],"product_cat":[41],"product_tag":[],"class_list":{"0":"post-222904","1":"product","2":"type-product","3":"status-publish","4":"has-post-thumbnail","6":"product_cat-terroir","8":"first","9":"outofstock","10":"taxable","11":"shipping-taxable","12":"purchasable","13":"product-type-simple"},"_links":{"self":[{"href":"https:\/\/admir-cafes.ch\/index.php\/wp-json\/wp\/v2\/product\/222904"}],"collection":[{"href":"https:\/\/admir-cafes.ch\/index.php\/wp-json\/wp\/v2\/product"}],"about":[{"href":"https:\/\/admir-cafes.ch\/index.php\/wp-json\/wp\/v2\/types\/product"}],"replies":[{"embeddable":true,"href":"https:\/\/admir-cafes.ch\/index.php\/wp-json\/wp\/v2\/comments?post=222904"}],"wp:featuredmedia":[{"embeddable":true,"href":"https:\/\/admir-cafes.ch\/index.php\/wp-json\/wp\/v2\/media\/225261"}],"wp:attachment":[{"href":"https:\/\/admir-cafes.ch\/index.php\/wp-json\/wp\/v2\/media?parent=222904"}],"wp:term":[{"taxonomy":"product_brand","embeddable":true,"href":"https:\/\/admir-cafes.ch\/index.php\/wp-json\/wp\/v2\/product_brand?post=222904"},{"taxonomy":"product_cat","embeddable":true,"href":"https:\/\/admir-cafes.ch\/index.php\/wp-json\/wp\/v2\/product_cat?post=222904"},{"taxonomy":"product_tag","embeddable":true,"href":"https:\/\/admir-cafes.ch\/index.php\/wp-json\/wp\/v2\/product_tag?post=222904"}],"curies":[{"name":"wp","href":"https:\/\/api.w.org\/{rel}","templated":true}]}}

<p>250g en grains</p>
<p><strong>Café de Terroir, 100% arabica</strong></p>
<p>Vivez une ascension unique sur le toit du monde en dégustant un café d’exception. Le café Népal saura vous envoûter par ses arômes puissants issus des montagnes de l’Everest. Sa douce longueur en bouche vous émerveillera et révèlera des notes de fruits exotiques et de pantone. Son grain si particulier vous laissera une agréable sensation de bien-être.</p>
