{"id":221688,"date":"2020-03-02T09:33:55","date_gmt":"2020-03-02T08:33:55","guid":{"rendered":"https:\/\/admir-cafes.ch\/?post_type=product&#038;p=221688"},"modified":"2022-03-16T10:52:48","modified_gmt":"2022-03-16T09:52:48","slug":"cafetiere-bialetti-seddutore-avec-2-tasses","status":"publish","type":"product","link":"https:\/\/admir-cafes.ch\/index.php\/produit\/cafetiere-bialetti-seddutore-avec-2-tasses\/","title":{"rendered":"Cafeti\u00e8re Bialetti \u2013 Seddutore"},"content":{"rendered":"<h3 class=\"ProductDescription-Subtitle\">\u00c9dition sp\u00e9ciale Seduttore Mini Express avec 2 tasses<\/h3>\n<ul>\n<li>Source d&rsquo;\u00e9nergie: Manuel, Plaques de cuisson compatibles: ceran; halog\u00e8ne; \u00e9lectrique; gaz<\/li>\n<li>Couleur: Rouge<\/li>\n<li>Nombre de tasses: 2 \u00d7<\/li>\n<li>Avec poign\u00e9e ergonomique et isolante et soupape de s\u00e9curit\u00e9<\/li>\n<li>Convient \u00e0 tous les types de cuisini\u00e8res sauf \u00e0 induction<\/li>\n<li>Facile \u00e0 nettoyer<\/li>\n<\/ul>\n<p>&#8212;<br \/>\nLors de la commande, veuillez noter que les d\u00e9lais de livraison des machines \u00e0 expresso et des moulins \u00e0 caf\u00e9 peuvent prendre jusqu&rsquo;\u00e0 10 jours car nous n&rsquo;avons pas ces produits en stock \u00e0 tout moment.<\/p>\n","protected":false},"excerpt":{"rendered":"<p>\u00c9dition sp\u00e9ciale Seduttore Mini Express avec 2 tasses Source d&rsquo;\u00e9nergie: Manuel, Plaques de cuisson compatibles: ceran; halog\u00e8ne; \u00e9lectrique; gaz Couleur: Rouge Nombre de tasses: 2 \u00d7 Avec poign\u00e9e ergonomique et isolante et soupape de s\u00e9curit\u00e9 Convient \u00e0 tous les types de cuisini\u00e8res sauf \u00e0 induction Facile \u00e0 nettoyer &#8212; Lors de la commande, veuillez noter [&hellip;]<\/p>\n","protected":false},"featured_media":221689,"comment_status":"open","ping_status":"closed","template":"","meta":{"_et_pb_use_builder":"","_et_pb_old_content":"","_et_gb_content_width":""},"product_brand":[],"product_cat":[47,21],"product_tag":[],"class_list":{"0":"post-221688","1":"product","2":"type-product","3":"status-publish","4":"has-post-thumbnail","6":"product_cat-cafetiere-italienne","7":"product_cat-machines-a-cafe","9":"first","10":"outofstock","11":"taxable","12":"shipping-taxable","13":"purchasable","14":"product-type-simple"},"_links":{"self":[{"href":"https:\/\/admir-cafes.ch\/index.php\/wp-json\/wp\/v2\/product\/221688"}],"collection":[{"href":"https:\/\/admir-cafes.ch\/index.php\/wp-json\/wp\/v2\/product"}],"about":[{"href":"https:\/\/admir-cafes.ch\/index.php\/wp-json\/wp\/v2\/types\/product"}],"replies":[{"embeddable":true,"href":"https:\/\/admir-cafes.ch\/index.php\/wp-json\/wp\/v2\/comments?post=221688"}],"wp:featuredmedia":[{"embeddable":true,"href":"https:\/\/admir-cafes.ch\/index.php\/wp-json\/wp\/v2\/media\/221689"}],"wp:attachment":[{"href":"https:\/\/admir-cafes.ch\/index.php\/wp-json\/wp\/v2\/media?parent=221688"}],"wp:term":[{"taxonomy":"product_brand","embeddable":true,"href":"https:\/\/admir-cafes.ch\/index.php\/wp-json\/wp\/v2\/product_brand?post=221688"},{"taxonomy":"product_cat","embeddable":true,"href":"https:\/\/admir-cafes.ch\/index.php\/wp-json\/wp\/v2\/product_cat?post=221688"},{"taxonomy":"product_tag","embeddable":true,"href":"https:\/\/admir-cafes.ch\/index.php\/wp-json\/wp\/v2\/product_tag?post=221688"}],"curies":[{"name":"wp","href":"https:\/\/api.w.org\/{rel}","templated":true}]}}

Cafetière Bialetti – Seddutore

<h3 class="ProductDescription-Subtitle">Édition spéciale Seduttore Mini Express avec 2 tasses</h3>
<ul>
<li>Source d&rsquo;énergie: Manuel, Plaques de cuisson compatibles: ceran; halogène; électrique; gaz</li>
<li>Couleur: Rouge</li>
<li>Nombre de tasses: 2 ×</li>
<li>Avec poignée ergonomique et isolante et soupape de sécurité</li>
<li>Convient à tous les types de cuisinières sauf à induction</li>
<li>Facile à nettoyer</li>
</ul>
<p>&#8212;<br />
Lors de la commande, veuillez noter que les délais de livraison des machines à expresso et des moulins à café peuvent prendre jusqu&rsquo;à 10 jours car nous n&rsquo;avons pas ces produits en stock à tout moment.</p>

<p>Édition spéciale Seduttore Mini Express avec 2 tasses Source d&rsquo;énergie: Manuel, Plaques de cuisson compatibles: ceran; halogène; électrique; gaz Couleur: Rouge Nombre de tasses: 2 × Avec poignée ergonomique et isolante et soupape de sécurité Convient à tous les types de cuisinières sauf à induction Facile à nettoyer &#8212; Lors de la commande, veuillez noter [&hellip;]</p>
