{"id":220107,"date":"2020-01-22T10:25:15","date_gmt":"2020-01-22T09:25:15","guid":{"rendered":"https:\/\/admir-cafes.ch\/?post_type=product&#038;p=220107"},"modified":"2024-11-02T09:12:09","modified_gmt":"2024-11-02T08:12:09","slug":"nicaragua-grains","status":"publish","type":"product","link":"https:\/\/admir-cafes.ch\/index.php\/produit\/nicaragua-grains\/","title":{"rendered":"Nicaragua &#8211; Bio &#038; Fairtrade"},"content":{"rendered":"","protected":false},"excerpt":{"rendered":"<div class=\"woocommerce-product-details__short-description\">\n<div class=\"woocommerce-product-details__short-description\">\n<p>250g en grains<\/p>\n<p><strong>Pure origine, 100% arabica<\/strong><\/p>\n<\/div>\n<form class=\"cart\" action=\"https:\/\/admir-cafes.ch\/wordpress\/produit\/nicaragua-250g\/\" enctype=\"multipart\/form-data\" method=\"post\">\n<div class=\"quantity\">Toute la finesse d\u2019un caf\u00e9 aux ar\u00f4mes de fruits rouges, \u00e0 la texture velout\u00e9e, l\u00e9g\u00e8rement cr\u00e9meuse qui vous transportera dans les for\u00eats tropicales d\u2019Am\u00e9rique du Sud. La chaleur ma\u00eetris\u00e9e de la torr\u00e9faction artisanale respecte son grain g\u00e9n\u00e9reux et en fait ressortir de savoureuses notes de pistache.<\/div>\n<\/form>\n<\/div>\n","protected":false},"featured_media":225270,"comment_status":"open","ping_status":"closed","template":"","meta":{"_et_pb_use_builder":"","_et_pb_old_content":"","_et_gb_content_width":""},"product_brand":[],"product_cat":[23],"product_tag":[],"class_list":{"0":"post-220107","1":"product","2":"type-product","3":"status-publish","4":"has-post-thumbnail","6":"product_cat-grains","8":"first","9":"instock","10":"featured","11":"taxable","12":"shipping-taxable","13":"purchasable","14":"product-type-simple"},"_links":{"self":[{"href":"https:\/\/admir-cafes.ch\/index.php\/wp-json\/wp\/v2\/product\/220107"}],"collection":[{"href":"https:\/\/admir-cafes.ch\/index.php\/wp-json\/wp\/v2\/product"}],"about":[{"href":"https:\/\/admir-cafes.ch\/index.php\/wp-json\/wp\/v2\/types\/product"}],"replies":[{"embeddable":true,"href":"https:\/\/admir-cafes.ch\/index.php\/wp-json\/wp\/v2\/comments?post=220107"}],"wp:featuredmedia":[{"embeddable":true,"href":"https:\/\/admir-cafes.ch\/index.php\/wp-json\/wp\/v2\/media\/225270"}],"wp:attachment":[{"href":"https:\/\/admir-cafes.ch\/index.php\/wp-json\/wp\/v2\/media?parent=220107"}],"wp:term":[{"taxonomy":"product_brand","embeddable":true,"href":"https:\/\/admir-cafes.ch\/index.php\/wp-json\/wp\/v2\/product_brand?post=220107"},{"taxonomy":"product_cat","embeddable":true,"href":"https:\/\/admir-cafes.ch\/index.php\/wp-json\/wp\/v2\/product_cat?post=220107"},{"taxonomy":"product_tag","embeddable":true,"href":"https:\/\/admir-cafes.ch\/index.php\/wp-json\/wp\/v2\/product_tag?post=220107"}],"curies":[{"name":"wp","href":"https:\/\/api.w.org\/{rel}","templated":true}]}}

<div class="woocommerce-product-details__short-description">
<div class="woocommerce-product-details__short-description">
<p>250g en grains</p>
<p><strong>Pure origine, 100% arabica</strong></p>
</div>
<form class="cart" action="https://admir-cafes.ch/wordpress/produit/nicaragua-250g/" enctype="multipart/form-data" method="post">
<div class="quantity">Toute la finesse d’un café aux arômes de fruits rouges, à la texture veloutée, légèrement crémeuse qui vous transportera dans les forêts tropicales d’Amérique du Sud. La chaleur maîtrisée de la torréfaction artisanale respecte son grain généreux et en fait ressortir de savoureuses notes de pistache.</div>
</form>
</div>
