{"id":1133,"date":"2020-01-15T14:35:48","date_gmt":"2020-01-15T13:35:48","guid":{"rendered":"https:\/\/admir-cafes.ch\/index.php\/produit\/eq-9-plus-connect-s700-extraklasse\/"},"modified":"2024-07-02T11:05:24","modified_gmt":"2024-07-02T10:05:24","slug":"eq-9-plus-connect-s900-extraklasse","status":"publish","type":"product","link":"https:\/\/admir-cafes.ch\/index.php\/produit\/eq-9-plus-connect-s900-extraklasse\/","title":{"rendered":"SIEMENS EQ 900 TQ907D03"},"content":{"rendered":"<p>Mod\u00e8le Siemens EQ 900 TQ907D03<\/p>\n<p>2 ans de garantie<\/p>\n<p>Ristretto, espresso, espresso macchiato, doppio, caf\u00e9 crema, cappuccino, latte macchiatto, caf\u00e9 au lait, americano, flat white, caf\u00e9 cortado, caf\u00e9 extra large, cafeti\u00e8re.<\/p>\n<p>6 niveaux<br \/>\n2(250\/270 grammes)2<br \/>\nEcran TFT en couleurs avec navigation de menu interactive<br \/>\njusqu\u2019\u00e0 10 profils<br \/>\n2,3 l \/ Avertissement pr\u00e9coce<br \/>\n0,7l integr\u00e9<\/p>\n<p>programmable<br \/>\n1500<br \/>\ndimensions : 392x316x470<\/p>\n<p>&#8212;<br \/>\nLors de la commande, veuillez noter que les d\u00e9lais de livraison des machines \u00e0 expresso et des moulins \u00e0 caf\u00e9 peuvent prendre jusqu&rsquo;\u00e0 10 jours car nous n&rsquo;avons pas ces produits en stock \u00e0 tout moment.<\/p>\n","protected":false},"excerpt":{"rendered":"<div class=\"et_pb_module et_pb_wc_description et_pb_wc_description_0_tb_body et_pb_bg_layout_light  et_pb_text_align_left\">\n<div class=\"et_pb_module_inner\">\n<p><strong>Caract\u00e9ristiques techniques<\/strong><\/p>\n<ul>\n<li>Dimensions de l\u2019emballage : 43cm x 36cm x 51cm (LxHxP)<\/li>\n<li>Dimensions de la machine \u00e0 caf\u00e9 : 39.2cm x 31.6cm x 47cm (LxHxP)<\/li>\n<li>Poids : 13kg<\/li>\n<li>R\u00e9servoir d\u2019eau : 2.3l<\/li>\n<li>Puissance : 1500 W<\/li>\n<li>Puissance de la pompe : 19 bars<\/li>\n<li>C\u00e2ble \u00e9lectrique : 1m<\/li>\n<\/ul>\n<p>Lors de la commande, veuillez noter que les d\u00e9lais de livraison des machines \u00e0 expresso et des moulins \u00e0 caf\u00e9 peuvent prendre jusqu&rsquo;\u00e0 10 jours car nous n&rsquo;avons pas ces produits en stock \u00e0 tout moment.<\/p>\n<\/div>\n<\/div>\n<div class=\"et_pb_module et_pb_wc_add_to_cart et_pb_wc_add_to_cart_0_tb_body et_pb_fields_label_position_default et_pb_bg_layout_  et_pb_text_align_left\">\n<div class=\"et_pb_module_inner\">\n<form class=\"cart\" action=\"https:\/\/admir-cafes.ch\/index.php\/produit\/aroma-machine-a-portions-dark-brown-copper\/\" enctype=\"multipart\/form-data\" method=\"post\">\n<div class=\"quantity\">\n<div class=\"et_pb_module et_pb_wc_description et_pb_wc_description_0_tb_body et_pb_bg_layout_light  et_pb_text_align_left\">\n<div class=\"et_pb_module_inner\"><\/div>\n<\/div>\n<div class=\"et_pb_module et_pb_wc_add_to_cart et_pb_wc_add_to_cart_0_tb_body et_pb_fields_label_position_default et_pb_bg_layout_  et_pb_text_align_left\"><\/div>\n<\/div>\n<\/form>\n<\/div>\n<\/div>\n","protected":false},"featured_media":225545,"comment_status":"open","ping_status":"closed","template":"","meta":{"_et_pb_use_builder":"","_et_pb_old_content":"","_et_gb_content_width":""},"product_brand":[],"product_cat":[49,21],"product_tag":[],"class_list":{"0":"post-1133","1":"product","2":"type-product","3":"status-publish","4":"has-post-thumbnail","6":"product_cat-machines-automatique-a-grains","7":"product_cat-machines-a-cafe","9":"first","10":"instock","11":"taxable","12":"shipping-taxable","13":"purchasable","14":"product-type-simple"},"_links":{"self":[{"href":"https:\/\/admir-cafes.ch\/index.php\/wp-json\/wp\/v2\/product\/1133"}],"collection":[{"href":"https:\/\/admir-cafes.ch\/index.php\/wp-json\/wp\/v2\/product"}],"about":[{"href":"https:\/\/admir-cafes.ch\/index.php\/wp-json\/wp\/v2\/types\/product"}],"replies":[{"embeddable":true,"href":"https:\/\/admir-cafes.ch\/index.php\/wp-json\/wp\/v2\/comments?post=1133"}],"wp:featuredmedia":[{"embeddable":true,"href":"https:\/\/admir-cafes.ch\/index.php\/wp-json\/wp\/v2\/media\/225545"}],"wp:attachment":[{"href":"https:\/\/admir-cafes.ch\/index.php\/wp-json\/wp\/v2\/media?parent=1133"}],"wp:term":[{"taxonomy":"product_brand","embeddable":true,"href":"https:\/\/admir-cafes.ch\/index.php\/wp-json\/wp\/v2\/product_brand?post=1133"},{"taxonomy":"product_cat","embeddable":true,"href":"https:\/\/admir-cafes.ch\/index.php\/wp-json\/wp\/v2\/product_cat?post=1133"},{"taxonomy":"product_tag","embeddable":true,"href":"https:\/\/admir-cafes.ch\/index.php\/wp-json\/wp\/v2\/product_tag?post=1133"}],"curies":[{"name":"wp","href":"https:\/\/api.w.org\/{rel}","templated":true}]}}

<p>Modèle Siemens EQ 900 TQ907D03</p>
<p>2 ans de garantie</p>
<p>Ristretto, espresso, espresso macchiato, doppio, café crema, cappuccino, latte macchiatto, café au lait, americano, flat white, café cortado, café extra large, cafetière.</p>
<p>6 niveaux<br />
2(250/270 grammes)2<br />
Ecran TFT en couleurs avec navigation de menu interactive<br />
jusqu’à 10 profils<br />
2,3 l / Avertissement précoce<br />
0,7l integré</p>
<p>programmable<br />
1500<br />
dimensions : 392x316x470</p>
<p>&#8212;<br />
Lors de la commande, veuillez noter que les délais de livraison des machines à expresso et des moulins à café peuvent prendre jusqu&rsquo;à 10 jours car nous n&rsquo;avons pas ces produits en stock à tout moment.</p>

<div class="et_pb_module et_pb_wc_description et_pb_wc_description_0_tb_body et_pb_bg_layout_light  et_pb_text_align_left">
<div class="et_pb_module_inner">
<p><strong>Caractéristiques techniques</strong></p>
<ul>
<li>Dimensions de l’emballage : 43cm x 36cm x 51cm (LxHxP)</li>
<li>Dimensions de la machine à café : 39.2cm x 31.6cm x 47cm (LxHxP)</li>
<li>Poids : 13kg</li>
<li>Réservoir d’eau : 2.3l</li>
<li>Puissance : 1500 W</li>
<li>Puissance de la pompe : 19 bars</li>
<li>Câble électrique : 1m</li>
</ul>
<p>Lors de la commande, veuillez noter que les délais de livraison des machines à expresso et des moulins à café peuvent prendre jusqu&rsquo;à 10 jours car nous n&rsquo;avons pas ces produits en stock à tout moment.</p>
</div>
</div>
<div class="et_pb_module et_pb_wc_add_to_cart et_pb_wc_add_to_cart_0_tb_body et_pb_fields_label_position_default et_pb_bg_layout_  et_pb_text_align_left">
<div class="et_pb_module_inner">
<form class="cart" action="https://admir-cafes.ch/index.php/produit/aroma-machine-a-portions-dark-brown-copper/" enctype="multipart/form-data" method="post">
<div class="quantity">
<div class="et_pb_module et_pb_wc_description et_pb_wc_description_0_tb_body et_pb_bg_layout_light  et_pb_text_align_left">
<div class="et_pb_module_inner"></div>
</div>
<div class="et_pb_module et_pb_wc_add_to_cart et_pb_wc_add_to_cart_0_tb_body et_pb_fields_label_position_default et_pb_bg_layout_  et_pb_text_align_left"></div>
</div>
</form>
</div>
</div>
