{"id":221068,"date":"2020-02-19T20:04:53","date_gmt":"2020-02-19T20:04:53","guid":{"rendered":"https:\/\/admir-cafes.ch\/index.php\/conditions-generales-de-vente\/"},"modified":"2020-02-19T20:04:58","modified_gmt":"2020-02-19T20:04:58","slug":"conditions-generales-de-vente","status":"publish","type":"page","link":"https:\/\/admir-cafes.ch\/index.php\/conditions-generales-de-vente\/","title":{"rendered":"Conditions g\u00e9n\u00e9rales de vente"},"content":{"rendered":"<h1>Vos conditions g\u00e9n\u00e9rales de vente<\/h1>\n<h3>R\u00e8gle 1<\/h3>\n<p>Ut enim quisque sibi plurimum confidit et ut quisque maxime virtute et sapientia sic munitus est, ut nullo egeat suaque omnia in se ipso posita iudicet, ita in amicitiis expetendis colendisque maxime excellit.<\/p>\n<h3>R\u00e8gle 2<\/h3>\n<p>Ut enim quisque sibi plurimum confidit et ut quisque maxime virtute et sapientia sic munitus est, ut nullo egeat suaque omnia in se ipso posita iudicet, ita in amicitiis expetendis colendisque maxime excellit.<\/p>\n<h3>R\u00e8gle 3<\/h3>\n<p>Ut enim quisque sibi plurimum confidit et ut quisque maxime virtute et sapientia sic munitus est, ut nullo egeat suaque omnia in se ipso posita iudicet, ita in amicitiis expetendis colendisque maxime excellit.<\/p>\n<h3>Cr\u00e9dits<\/h3>\n<p>Admir-Caf\u00e9s \u2013 Torr\u00e9faction artisanale utilise <a href=\"http:\/\/www.wpshop.fr\" target=\"_blank\" title=\"Admir-Caf\u00e9s \u2013 Torr\u00e9faction artisanale utilise WPShop plug-in e-commerce pour WordPress\" rel=\"noopener noreferrer\">WPShop e-commerce pour WordPress<\/a><\/p>\n","protected":false},"excerpt":{"rendered":"<p>Vos conditions g\u00e9n\u00e9rales de vente R\u00e8gle 1 Ut enim quisque sibi plurimum confidit et ut quisque maxime virtute et sapientia sic munitus est, ut nullo egeat suaque omnia in se ipso posita iudicet, ita in amicitiis expetendis colendisque maxime excellit. R\u00e8gle 2 Ut enim quisque sibi plurimum confidit et ut quisque maxime virtute et sapientia [&hellip;]<\/p>\n","protected":false},"author":1,"featured_media":0,"parent":0,"menu_order":569848,"comment_status":"closed","ping_status":"closed","template":"","meta":{"_et_pb_use_builder":"","_et_pb_old_content":"","_et_gb_content_width":"","footnotes":""},"class_list":["post-221068","page","type-page","status-publish","hentry"],"_links":{"self":[{"href":"https:\/\/admir-cafes.ch\/index.php\/wp-json\/wp\/v2\/pages\/221068"}],"collection":[{"href":"https:\/\/admir-cafes.ch\/index.php\/wp-json\/wp\/v2\/pages"}],"about":[{"href":"https:\/\/admir-cafes.ch\/index.php\/wp-json\/wp\/v2\/types\/page"}],"author":[{"embeddable":true,"href":"https:\/\/admir-cafes.ch\/index.php\/wp-json\/wp\/v2\/users\/1"}],"replies":[{"embeddable":true,"href":"https:\/\/admir-cafes.ch\/index.php\/wp-json\/wp\/v2\/comments?post=221068"}],"version-history":[{"count":0,"href":"https:\/\/admir-cafes.ch\/index.php\/wp-json\/wp\/v2\/pages\/221068\/revisions"}],"wp:attachment":[{"href":"https:\/\/admir-cafes.ch\/index.php\/wp-json\/wp\/v2\/media?parent=221068"}],"curies":[{"name":"wp","href":"https:\/\/api.w.org\/{rel}","templated":true}]}}

Conditions générales de vente

<h1>Vos conditions générales de vente</h1>
<h3>Règle 1</h3>
<p>Ut enim quisque sibi plurimum confidit et ut quisque maxime virtute et sapientia sic munitus est, ut nullo egeat suaque omnia in se ipso posita iudicet, ita in amicitiis expetendis colendisque maxime excellit.</p>
<h3>Règle 2</h3>
<p>Ut enim quisque sibi plurimum confidit et ut quisque maxime virtute et sapientia sic munitus est, ut nullo egeat suaque omnia in se ipso posita iudicet, ita in amicitiis expetendis colendisque maxime excellit.</p>
<h3>Règle 3</h3>
<p>Ut enim quisque sibi plurimum confidit et ut quisque maxime virtute et sapientia sic munitus est, ut nullo egeat suaque omnia in se ipso posita iudicet, ita in amicitiis expetendis colendisque maxime excellit.</p>
<h3>Crédits</h3>
<p>Admir-Cafés – Torréfaction artisanale utilise <a href="http://www.wpshop.fr" target="_blank" title="Admir-Cafés – Torréfaction artisanale utilise WPShop plug-in e-commerce pour WordPress" rel="noopener noreferrer">WPShop e-commerce pour WordPress</a></p>

<p>Vos conditions générales de vente Règle 1 Ut enim quisque sibi plurimum confidit et ut quisque maxime virtute et sapientia sic munitus est, ut nullo egeat suaque omnia in se ipso posita iudicet, ita in amicitiis expetendis colendisque maxime excellit. Règle 2 Ut enim quisque sibi plurimum confidit et ut quisque maxime virtute et sapientia [&hellip;]</p>
